pose z*d - 18 = -3*l + 3, 0 = -3*l + 9. Suppose -3*v + 10 = d. What are the prime factors of v?
2
Let t be 3*2 - (9 - 8). Suppose t*l - 12 = 273. Let n = l - 41. List the prime factors of n.
2
Suppose 6 = 3*s - r - 0*r, -3*r - 7 = 2*s. What are the prime factors of ((-73)/s)/(((-7)/(-2))/(-7))?
2, 73
Let r(m) = m**2 + 2*m - 3. Suppose 9 = 3*b, 5*s + 3*b + b = -28. Let o be r(s). Suppose d - 4*i = 37, d - 2*i + 6*i - o = 0. What are the prime factors of d?
41
List the prime factors of -584*(4/2 - (33 - 29)).
2, 73
Let t be 79 + -1 - (3 + -3). Suppose m + m = t. List the prime factors of m.
3, 13
Let j(s) = -s**3 - 14*s**2 - s - 11. Let f be j(-14). List the prime factors of (66/4)/(f/16).
2, 11
Let f be 1 + 21/(-9) - 5/(-15). What are the prime factors of 9/45*(26 + f)?
5
Suppose o = 4*o + 5*f - 23, -9 = -o - 3*f. Let r be 3 + 10 - o/2. Suppose -28 = -2*d - r. List the prime factors of d.
3
Let w(d) = 4*d**3 + 3 - 3*d**3 - 7*d**2 + 8*d - 2*d**3. Let x be w(-8). List the prime factors of (2 - 1 - x)*-1.
2
Suppose 0 = 2*h - g, 0 = -3*h + g - 5*g. Suppose n + h*k + k = 35, -k - 82 = -2*n. What are the prime factors of n?
3, 13
Let g(m) = m**3 - 6*m**2 - 11*m + 12. Let x(h) = 2*h + 16. Let q be x(0). Suppose -6*c = -4*c - q. What are the prime factors of g(c)?
2, 13
Let a(t) = -121*t + 532. What are the prime factors of a(-18)?
2, 5, 271
Suppose -6*i - 4*h = -4*i + 52, -i = -5*h - 2. Let l = i + 27. List the prime factors of l.
3
Suppose -4*o + 25 + 17 = -2*u, 0 = u + 3. Suppose -27 = -i + o. What are the prime factors of i?
2, 3
Let r = 874 + 1. What are the prime factors of r?
5, 7
What are the prime factors of 3 + 214 - ((6 - 7) + 3)?
5, 43
Suppose -8 = -2*b, z - 1124 = -2*b - b. What are the prime factors of z?
2, 139
Let v(p) = 62*p + 3. Suppose -u + 2*o = 6 + 1, 0 = -4*o + 16. What are the prime factors of v(u)?
5, 13
Suppose y = 6*y + 5*w - 4620, -3*y + 3*w = -2742. What are the prime factors of y?
919
Let q = 470 + -121. List the prime factors of q.
349
Let c = 7031 + -3562. List the prime factors of c.
3469
Suppose 4*j + 322 = 2*q, -4*j - 938 = -5*q - 163. Let u = q - 90. List the prime factors of u.
61
Let k = -258 + 812. Suppose 2*z = -f + k, -z - 3*z = -4*f - 1096. What are the prime factors of z?
2, 3, 23
Suppose -15*q = -26385 - 3705. What are the prime factors of q?
2, 17, 59
Let k(s) = 21*s + 71. What are the prime factors of k(9)?
2, 5, 13
Suppose 614*b + 3900 = 620*b. What are the prime factors of b?
2, 5, 13
Suppose -9 = -2*r - 5. Suppose r*d - 260 = -2*d. List the prime factors of d.
5, 13
Suppose -9*q = -563 - 211. What are the prime factors of q?
2, 43
Suppose 0 = 6*x - x + 3*d - 570, 4*x + 3*d = 456. Let w = -102 + x. What are the prime factors of w?
2, 3
Let z = -17 + -5. Let x = z - -24. Suppose -5*s - 4*t - t + 230 = 0, -x*t + 50 = s. What are the prime factors of s?
2, 3, 7
Suppose 5*m = -4*j + 335, 0 = -2*m - j + 2 + 135. Suppose 0*i + 4*i = -2*a + 50, 3*a - m = -4*i. What are the prime factors of a?
3, 7
Suppose 837 = 5*l - 8428. What are the prime factors of l?
17, 109
Let v be 2/((-8)/(-20)*-1). What are the prime factors of (2/6)/(v/(-4425))?
5, 59
Suppose 4*q - t = -0*t + 11, 0 = 5*q + 2*t - 30. Let s(u) = 0*u**2 - 5 + u**3 + u**2 - 4*u**2. List the prime factors of s(q).
11
Suppose 26 = -x + 5*l, -4*x - 5 - 3 = 4*l. Let n = x + 64. List the prime factors of n.
2, 29
Suppose 3*q = -t + 1808, 4*q - 2*t = -4*t + 2412. Suppose 613 = 9*r - q. What are the prime factors of r?
3, 5
Let r be (-6)/14 + 4296/28. Let j = r + 4. What are the prime factors of j?
157
Suppose 8*c - 5 = 195. Let x be 7 - (-5)/(c/(-20)). Suppose -x*k = -8*k + 65. What are the prime factors of k?
13
Let w = 15 - 30. Let j = w - -17. Suppose 5*l = j*l + 141. What are the prime factors of l?
47
Let w(f) = 78*f. List the prime factors of w(2).
2, 3, 13
Let x(m) = 19*m**2 - 9*m + 5. Let v be x(6). Suppose 5*q - 5*p - 254 = 3*q, 5*q - v = -3*p. List the prime factors of q.
127
Let i be (-5)/((-10)/112)*1. Let u be 16/i - 52/(-14). Suppose -138 - 90 = -u*b. List the prime factors of b.
3, 19
Let p = 12 + -16. Let m be -3*1 - (1 + p). List the prime factors of (m + 3)/((-24)/(-256)).
2
Suppose 0 = 2*x + 2*z - 304, 2*x = -2*z + z + 300. List the prime factors of x.
2, 37
Let i(u) = -u**3 - 3*u**2 + 2*u - 25. Let s be i(-5). Suppose j + 5*o + 14 = 0, -2*o - o = s. What are the prime factors of j?
11
Suppose z + 379 = 4*u + 1147, 5*u = -3*z + 2253. Let t be (-2*1)/((-2)/(-4)). List the prime factors of 2/t - z/(-24).
31
Let c be ((-30)/40)/(1/(-96)). Suppose 5*p - c = -17. Suppose 5*n - p*n = -72. List the prime factors of n.
2, 3
Suppose -15*k + 17*k = 6, -4*k - 1952 = -4*y. What are the prime factors of y?
491
Let i(a) = a**2 + 12*a - 83. What are the prime factors of i(-22)?
137
Let i be (-8)/40 + (-2752)/(-10). Let j = i - 160. What are the prime factors of j?
5, 23
What are the prime factors of -7*(-10)/(-455) - 5566/(-13)?
2, 107
Suppose q + 3408 = -5*q. What are the prime factors of 8/(-12) + q/(-6)?
2, 47
Suppose -2*l = -a - 338, 11*a - 845 = -5*l + 15*a. List the prime factors of l.
13
Suppose -5*a - 3*p - p - 349 = 0, 0 = -3*a + 2*p - 205. Let b be a/((-5)/((-10)/3)). What are the prime factors of b*(18/(-4) - -4)?
23
Suppose 0 = -7*q - 99 + 862. Let j = 143 - q. List the prime factors of j.
2, 17
Let j(p) = 2*p**3 - 11*p**2 - 30*p + 17. List the prime factors of j(11).
2, 509
Let g be (8/(-10))/((-2)/40). Suppose 4*v = 2*v - 24. Let x = v + g. What are the prime factors of x?
2
Suppose -2*v = 2*a - 664, 0 = 3*v - 4*a + 2*a - 976. List the prime factors of (1886/v)/(5/4 + -1).
23
Let s = 106 - 69. Let l = s - 53. Let k = l - -26. What are the prime factors of k?
2, 5
Let r(a) = 193*a**2 - 16*a - 32. What are the prime factors of r(-5)?
11, 443
Suppose -4*t - 59 = 3*j + 233, 2*t + 406 = -4*j. Suppose 204 = -0*w - 3*w. Let z = w - j. List the prime factors of z.
2, 3
Let b(q) = -q**3 + 16*q**2 - 26. List the prime factors of b(10).
2, 7, 41
Suppose 2*t = 2*n - 36, -2*n + n + 22 = 3*t. Let j = n + -7. Suppose s = 3*s - j. What are the prime factors of s?
2, 3
List the prime factors of (-440)/(-40)*(-1 + 2).
11
Let x(i) = -17*i - 11. Let w(v) = -v**2 - 4*v + 2. Let o be w(-6). Let b be x(o). Suppose b = 13*t - 10*t. What are the prime factors of t?
53
Suppose 3*a - 4*m - 759 = 1103, 4*a - 4*m = 2476. What are the prime factors of a?
2, 307
Let q be (-4)/(-10) + 94/(-10). Let l(j) = 6*j + 5. Let x be l(q). Let g = 88 + x. List the prime factors of g.
3, 13
Suppose 2*y = 537 + 279. Suppose -y = -6*j - 42. List the prime factors of j.
61
Let f be (-11)/(66/(-12)) - -1. Suppose f*k - 55 = -8*k. What are the prime factors of k?
5
Let d be (2 - 0)/(3 - 2). Suppose 0 = -4*u + 12, -d*i - 4*u + 22 = -i. What are the prime factors of i?
2, 5
List the prime factors of 11272/28 - 28/49.
2, 3, 67
Let v(g) = -36*g + 29. What are the prime factors of v(-12)?
461
Let u = 11 + 377. List the prime factors of u.
2, 97
Let i(r) = 3*r**2 - 6*r + 1. Let o(m) = m + 2. Let j be o(4). Suppose 5*x - 14 = j. List the prime factors of i(x).
5
Let x(b) = -1334*b + 73. List the prime factors of x(-1).
3, 7, 67
Suppose -5695 = 98*z - 103*z. Suppose z + 443 = 7*h. List the prime factors of h.
2, 113
Suppose -3*z + z = -o + 128, 5*o = -2*z + 688. Let j = -52 + o. List the prime factors of j.
2, 3, 7
What are the prime factors of (-1)/(-6) + (-149620)/(-120)?
29, 43
Suppose -2*o = -1656 - 72. What are the prime factors of o?
2, 3
Let c(l) = l**2 + 7*l + 6. Let i be c(-4). List the prime factors of (-1144)/33*i/4.
2, 13
Suppose -4*x = 1 - 5. Suppose -i = 2*j - 0*i - x, 4*i = -j - 17. What are the prime factors of j?
3
List the prime factors of 5946/15*345/46.
3, 991
Let a(c) = -c**3 - 12*c**2 + 9*c + 5. List the prime factors of a(-13).
3, 19
Let r(a) = -7*a - 2. Let x(z) = -8*z - 2. Let h(j) = -3*r(j) + 2*x(j). Let w be h(7). Let p = 58 - w. List the prime factors of p.
3, 7
Suppose 5*u - 10 = 0, -9 - 1 = 3*n - 2*u. List the prime factors of (-4 - n)*-1 - -5.
7
Let t be (-17312)/(-18) - (8/(-36) + 0). Suppose -82 = -6*f + t. What are the prime factors of f?
2, 3, 29
Let i(k) = 2*k**2 - 4. Let x be i(-3). List the prime factors of ((-1552)/56)/((-2)/x).
2, 97
Let m = 3023 + -673. Li